45*v**2 + 3447*v + 388. Calculate g(115).
43
Let z(x) = -x**3 - 345*x**2 + 786*x + 31935. Determine z(-347).
11
Let q(h) = -h**3 - 25*h**2 - 158*h - 150. Determine q(-15).
-30
Let p(y) = -y**2 - 229*y - 8263. Give p(-45).
17
Let p(g) = 2*g**2 - 73*g + 66. Give p(36).
30
Let j(t) = -t**2 + 330*t + 1352. Determine j(-4).
16
Let i(o) = -13*o**2 + 102*o + 101. Determine i(-1).
-14
Let y(v) = -28*v**2 - 119*v + 1637. Give y(-10).
27
Let j(q) = -24*q - 2217. What is j(-85)?
-177
Let t(y) = -4*y + 50. Determine t(-11).
94
Let b(l) = l**3 + 4*l**2 + 41*l + 94. Calculate b(-4).
-70
Let i(x) = x**3 + 78*x**2 + 622*x + 31. Give i(-9).
22
Let m(d) = d**3 + 2*d**2 - 8*d - 13. Calculate m(-4).
-13
Let x(k) = -1130*k - 75707. What is x(-67)?
3
Let i(q) = q**2 + 42*q - 255. Calculate i(-47).
-20
Let k(i) = -9*i + 354. Calculate k(16).
210
Let w(b) = -b**2 - 1254*b + 50425. What is w(39)?
-2
Let c(n) = 322*n - 6406. Give c(20).
34
Let c(o) = -3*o**2 + 95*o - 736. Calculate c(10).
-86
Let s(p) = -15*p**3 - 44*p**2 + 15*p - 3. Calculate s(-3).
-39
Let d(z) = 3*z**2 - 97*z + 67. Determine d(30).
-143
Let q(c) = c**3 - 12*c**2 + 40*c + 22. Determine q(5).
47
Let l(w) = 641*w + 7659. Give l(-12).
-33
Let d(v) = -v**3 + 66*v**2 - 187*v + 113. Determine d(63).
239
Let b(c) = -c**2 + 49*c - 686. Calculate b(40).
-326
Let b(t) = -t**3 - 10*t**2 + 25*t - 16. What is b(-11)?
-170
Let y(h) = -h**3 - 44*h**2 + 93*h + 54. What is y(-46)?
8
Let f(n) = 22*n**3 + 397*n**2 + 20*n + 30. Calculate f(-18).
-6
Let s(l) = 33*l**2 + 33*l - 6. What is s(3)?
390
Let m(f) = 199*f - 661. Calculate m(3).
-64
Let c(z) = -21*z**2 + 17*z + 18. Calculate c(-1).
-20
Let r(d) = -7*d**3 + 34*d**2 - 2*d + 40. Give r(5).
5
Let n(q) = 7*q**3 + 85*q**2 + 12*q + 3. Determine n(-12).
3
Let x(r) = -2*r**3 - 7*r**2 + 2*r - 21. Give x(0).
-21
Let v(i) = 90*i + 673. Calculate v(-5).
223
Let m(c) = 2*c**2 + 9*c + 15. Calculate m(-8).
71
Let f(y) = y**3 - 19*y**2 - 19*y + 13. Determine f(20).
33
Let a(q) = q**2 + 9*q - 18. Calculate a(2).
4
Let m(q) = q**3 + 18*q**2 + 6*q - 77. Give m(-18).
-185
Let q(u) = 104*u - 3209. Calculate q(31).
15
Let i(a) = a**2 + 7101*a + 56725. Determine i(-8).
-19
Let i(j) = 2*j**2 - 28*j - 90. What is i(-5)?
100
Let t(a) = -44*a - 88. Give t(-2).
0
Let y(j) = -j**3 - j**2 + 7*j - 91. Determine y(0).
-91
Let p(d) = d**2 - 19*d - 69. What is p(32)?
347
Let t(r) = 8539*r + 42690. What is t(-5)?
-5
Let u(j) = j**3 + 3*j**2 - j - 86. Give u(0).
-86
Let x(u) = -2*u**3 + 21*u**2 - 17*u + 15. What is x(9)?
105
Let a(p) = -79*p + 2347. Calculate a(29).
56
Let d(w) = 10*w - 58. Determine d(-21).
-268
Let t(c) = -139*c - 985. Give t(-6).
-151
Let b(a) = -223*a + 16517. What is b(74)?
15
Let v(i) = -i**2 - 7*i + 4. What is v(10)?
-166
Let d(m) = m**3 + 24*m**2 + 105*m + 29. Determine d(-18).
83
Let g(c) = c**2 + 569*c - 40540. Determine g(64).
-28
Let u(w) = -w**3 - 7*w**2 + 88*w - 480. Determine u(-15).
0
Let n(w) = -w**3 - 3*w**2 + 13*w + 3. Give n(0).
3
Let u(t) = -3236*t + 16174. Give u(5).
-6
Let a(w) = -52*w - 768. Determine a(-14).
-40
Let r(l) = -4*l**2 - 279*l - 115. Calculate r(-69).
92
Let c(i) = 7*i**3 - 4*i**2 - 3*i + 11. Calculate c(2).
45
Let l(y) = 5*y**2 - 990*y - 1024. Calculate l(199).
-29
Let q(d) = d**3 - 31*d**2 + 56*d + 29. Give q(29).
-29
Let d(o) = o**2 + 29*o + 195. Calculate d(-8).
27
Let n(q) = 15*q - 1395. Calculate n(94).
15
Let b(c) = -c**3 + 21*c**2 - 15*c - 13. Give b(20).
87
Let i(r) = 15*r + 119. Calculate i(-17).
-136
Let v(h) = 12*h**2 + 149*h + 13. What is v(-4)?
-391
Let z(f) = -f**2 + 7*f + 329. What is z(21)?
35
Let v(q) = -175*q + 750. Determine v(4).
50
Let i(j) = 2*j**2 + 6*j - 2. Calculate i(3).
34
Let b(u) = -u**3 + 10*u**2 + 8*u - 15. Determine b(10).
65
Let u(n) = 25*n**2 + 167*n - 512. Calculate u(3).
214
Let g(y) = 37*y**2 + 13*y - 14. Calculate g(4).
630
Let n(f) = f**2 - 14*f - 170. Determine n(18).
-98
Let x(y) = -56*y - 574. What is x(-11)?
42
Let o(p) = 47*p + 536. What is o(-21)?
-451
Let a(p) = -4260*p + 80937. Calculate a(19).
-3
Let t(q) = -q**3 - 35*q**2 - 174*q + 6. Calculate t(-29).
6
Let d(n) = n**2 + 28*n - 209. Calculate d(-34).
-5
Let r(o) = o**2 + 92*o + 891. Give r(-11).
0
Let c(k) = -k**3 - 3*k**2 + 251*k + 747. What is c(-3)?
-6
Let h(g) = -2*g**3 - 7*g**2 - 55*g - 60. Determine h(-4).
176
Let a(z) = 2*z**3 - 7*z**2 - 129*z + 17. What is a(10)?
27
Let f(j) = -j**3 - 7*j**2 - 16*j - 21. Give f(-4).
-5
Let b(z) = -9*z**3 + 225*z**2 + 8*z - 188. Give b(25).
12
Let y(p) = -6*p**2 + 15*p - 2. Determine y(4).
-38
Let v(k) = 21*k + 70. Calculate v(-6).
-56
Let r(u) = -u**3 - 3*u**2 + 138*u + 44. Give r(-13).
-60
Let u(j) = 2*j**3 - 14*j**2 + 17*j - 26. What is u(6)?
4
Let u(g) = 13*g**2 - 2*g - 3. Determine u(0).
-3
Let l(g) = -2*g**3 - 16*g**2 + 31*g + 235. What is l(-8)?
-13
Let w(s) = 8*s + 24. Calculate w(10).
104
Let k(d) = -3*d**2 - 11*d + 14. Give k(-5).
-6
Let a(h) = -388*h - 1935. Calculate a(-5).
5
Let m(c) = 7*c + 91. What is m(10)?
161
Let k(h) = h**2 - 2*h - 1105. Give k(35).
50
Let d(y) = 3*y**3 - 14*y**2 - 22*y - 18. Determine d(6).
-6
Let k(j) = j**3 + 44*j**2 - 47*j - 3. Give k(-45).
87
Let l(m) = -m**3 + m**2 + 2266*m - 4536. What is l(2)?
-8
Let f(w) = -2*w**3 - 41*w**2 - 181*w - 4258. Give f(-21).
-16
Let v(f) = 93*f**2 - 11*f - 11. What is v(0)?
-11
Let h(a) = 184*a + 2253. What is h(-12)?
45
Let t(d) = -16*d**2 - 342*d - 93. Calculate t(-21).
33
Let r(q) = -52*q + 1048. Calculate r(20).
8
Let q(n) = -7*n**2 + 293*n - 1478. Give q(36).
-2
Let f(n) = n**3 + 76*n**2 + 307*n + 1414. What is f(-72)?
46
Let a(l) = l**2 + 2*l + 74. Calculate a(10).
194
Let m(p) = -182*p - 32041. Give m(-176).
-9
Let y(h) = 30*h**2 + 68*h - 70. Determine y(1).
28
Let i(o) = o**3 + 6*o**2 - 41*o + 1. Determine i(-10).
11
Let t(j) = j**2 + 10*j - 2. Calculate t(-14).
54
Let m(p) = p**2 - 28*p + 137. Calculate m(26).
85
Let h(l) = -59*l - 286. Determine h(-5).
9
Let b(n) = -n**3 + 20*n**2 - 16*n + 293. Give b(20).
-27
Let h(r) = 2*r**3 - 54*r**2 + 319*r + 51. What is h(9)?
6
Let i(m) = 2*m**2 + 25*m + 26. Give i(-11).
-7
Let k(i) = -11*i + 131. Determine k(-5).
186
Let n(j) = 822*j - 130696. Give n(159).
2
Let j(s) = -66*s + 531. What is j(8)?
3
Let z(o) = 51*o**3 - 3*o**2 - 8*o - 3. Calculate z(-1).
-49
Let b(c) = 411*c + 852. Calculate b(-2).
30
Let w(o) = -35*o - 1421. Give w(-40).
-21
Let h(n) = n**3 + 191*n**2 + 380*n. Calculate h(-2).
-4
Let o(l) = -l**3 + 11*l**2 + 50*l - 472. What is o(12)?
-16
Let g(m) = -19*m + 448. Calculate g(28).
-84
Let m(k) = 4*k + 97. Give m(-48).
-95
Let i(q) = -q**3 + 3*q**2 + 6*q + 21. Give i(7).
-133
Let c(t) = t**3 + 86*t**2 - 85*t + 241. Give c(-87).
67
Let j(d) = -d**2 - 32*d + 157. Calculate j(7).
-116
Let a(d) = d**3 + 5*d**2 + 75*d + 324. Determine a(-5).
-51
Let z(l) = -20*l + 161. What is z(10)?
-39
Let y(c) = -c**2 - 212*c - 3472. What is y(-18)?
20
Let w(q) = -q**3 + q**2 + 88*q - 337. What is w(6)?
11
Let v(b) = 124*b - 3. Give v(1).
121
Let d(h) = 10*h**3 - 240*h**2 - 3*h + 83. Determine d(24).
11
Let h(b) = -b**2 - 223*b - 3161. Calculate h(-208).
-41
Let n(w) = w**2 - 43*w - 531. Give n(-11).
63
Let g(z) = -5*z**3 + 122*z**2 + 71*z + 115. Calculate g(25).
15
Let n(r) = 23*r**2 - 46*r - 5. What is n(2)?
-5
Let z(i) = -i**3 - 12*i**2 + 21*i - 49. Determine z(-14).
49
Let n(l) = 83*l - 2891. Determine n(35).
14
Let k(h) = h**2 - 167*h - 4795. What is k(-25)?
5
Let z(v) = 509*v - 798. Calculate z(2).
220
Let c(k) = 92*k**2 - 752*k - 11. Give c(8).
-139
Let u(r) = -3*r**2 - 158*r + 48. Calculate u(-53).
-5
Let s(b) = -31*b**2 + 310*b + 7. Determine s(10).
7
Let a(o) = 17*o**2 + 955*o + 172. Give a(-56).
4
Let g(o) = -1497*o - 17972. Calculate g(-12).
-8
Let w(j) = j**3 - 22*j**2 - 54*j + 147. Give w(24).
3
Let s(o) = 164*o + 813. Determine s(-5).
-7
Let y(u) = 426*u + 10625. Give y(-25).
-25
Let n(j) = -99*j - 699. Calculate n(-7).
-6
Let i(z) = 158*z - 26204. Calculate i(166).
24
Let i(x) = -x**2 - 884*x - 4394. Give i(-5).
1
Let y(w) = w**2 + 81*w + 710. Give y(-10).
0
Let s(i) = 85*i - 2561. Determine s(30).
-11
Let b(r) = -2*r**3 + 4*r**2 + 7*r - 28. What is b(3)?
-25
Let b(h) = -45*h + 864. Determine b(20).
-36
Let z(v) = -38*v - 735. Calculate z(-22).
101
Let u(y) = 1787*y - 2